-820*(45/(-105) - (-2)/d)?
0
What is the ten thousands digit of -1 + 0 - (308/(-7) + -35744)?
3
Let o(s) = 36*s - 24. Let q be o(9). Suppose -3*i + 591 = n - q, -2*n - 3*i + 1797 = 0. What is the tens digit of n?
0
What is the tens digit of 19413/((-234)/(-90) + 640/(-275))?
8
Suppose b + 2*q - 561 = 31360, -b - q = -31913. What is the ten thousands digit of b?
3
Let o(c) = -42*c - 4. Suppose -9 = -5*l + 11. Let j be (-10)/4 + 2/l. What is the tens digit of o(j)?
8
Let n(m) = m**2 + 4*m - 16. Let w be n(-7). Suppose -4*a + 1160 = 4*j, -w*a + 1174 = 4*j - 280. What is the units digit of a?
4
Suppose 4*o = 4, 4*o - 102090 = -4*x + 199302. What is the hundreds digit of x?
3
Let t(f) = -39*f**3 - 25*f**2 - 178*f + 54. What is the units digit of t(-7)?
2
Suppose 0 = -w + 2*w + 22. Let j = w + 22. Suppose 2*g + 4 = j, 5*g - 6 = -6*f + 2*f. What is the units digit of f?
4
Let s(y) = -y + 318. Let p(k) = 3*k - 1. Let c(m) = 2*p(m) - s(m). What is the units digit of c(46)?
2
Let i be 45/12 - ((-9)/4)/(-3). Let v = 1 + i. Suppose v*z = 169 - 29. What is the units digit of z?
5
Let b(i) = i**2 + 17*i. Let m(z) = -5*z + 18. Let a be m(7). Let n be b(a). Suppose n = -3*v - 2 + 8. What is the units digit of v?
2
Let x = -585 + 585. Suppose -12*j - 24*j + 8676 = x. What is the tens digit of j?
4
Suppose 0 = -3*n - 5*n + 113904. What is the tens digit of ((-2)/6)/((-14)/n)?
3
Suppose -31325 = -30*l + 25*l. What is the tens digit of l?
6
Suppose -338101 = -78*r + 122021. What is the thousands digit of r?
5
Suppose 4*q - 1185 = -5*k + 735, 20 = 4*q. Let y = k - 262. What is the hundreds digit of y?
1
Let m be 11/(44/48)*(-582)/(-4). Suppose 5*k - 5*v - 4299 = 96, 2*k = -v + m. Suppose -f + 0*f = -5*c - 193, 5*c = -5*f + k. What is the units digit of f?
8
Let k(x) = 8*x**3 - 14*x**2 + 29*x - 47. What is the units digit of k(9)?
2
Let f(b) = 20*b**3 - 25*b**2 - 4*b - 51. Let i(l) = -5*l**3 + 6*l**2 + l + 13. Let r(h) = -2*f(h) - 9*i(h). What is the units digit of r(5)?
5
Let g be 2/(-12) + 2054/(-12)*-1. Let d = g + -16. What is the tens digit of d?
5
Let f(h) = -18*h - 3. Let j be f(-2). Suppose k - 98 = 5*q, -4 = -k - 2*q + 73. Let o = k - j. What is the tens digit of o?
5
Let a(s) = 7*s + 138. Let n be a(-22). What is the tens digit of (-2)/3*2456/n*6?
1
Let s(z) = 2*z**2 + 15*z - 57. Let f be s(11). Suppose -144 = t - f. Suppose 95*v - 96*v = -t. What is the hundreds digit of v?
2
Let z = -4135 + 6564. Suppose 3*u = -4*d - 4357, -4*u - z = 5*d + 3017. What is the tens digit of d/(-12) - (3 + 1)/(-24)?
9
What is the tens digit of (984/(-30))/(1/(7 + -267))?
2
Let i(h) = 3*h + 888. Let z be 0*(0 - 2/(-30)*-3). What is the tens digit of i(z)?
8
What is the hundreds digit of 30/210 + (3 - 19506/(-21))?
9
Let c = -4887 - -11426. What is the tens digit of c?
3
Suppose 4*i - 76870 = -5*p - 8792, -4*i = -p - 68066. What is the units digit of i?
7
Let i = -10082 - -13002. What is the units digit of i?
0
Suppose r - 8*r + 0*r = 0. Suppose r = -3*u + p + 1286, -p + 3 = 2*p. What is the hundreds digit of u?
4
Let b(s) = -3*s**2 - s + 1. Let q be b(1). Let r = q - -157. Suppose r = 2*j - 2*o, -231 = -3*j - 0*j - 2*o. What is the units digit of j?
7
Suppose 3*v - 4*b - 1530 = 0, -3*v + 2*v - 2*b + 510 = 0. Suppose 2*k - 1000 = -v. What is the units digit of k?
5
Let o(s) = -s**3 + 17*s**2 - 4*s - 19. Suppose 119 = 6*g + 23. What is the hundreds digit of o(g)?
1
Suppose -29*z + 32*z - 48 = 0. Suppose z*b - 141 = 291. What is the tens digit of b?
2
Let p(v) = v**3 + 4*v**2 - 14*v - 12. Let h be p(-6). What is the tens digit of 860 + (-13 + (3 - h))/2?
5
Let k(r) = r**3 - 17*r**2 - 16*r - 61. Let l be k(20). Suppose 6*h - 45 = l. What is the tens digit of h?
4
Suppose -3*k - 10*a = -11*a + 66, -4*a = 0. Let l be 2*(1246/4)/7. Let b = l - k. What is the tens digit of b?
1
Let p be (-99)/12*(-8)/6. Suppose p*r = 18*r - 84. What is the units digit of 7/(140/r)*(-95)/(-1)?
7
Let d(p) = -p**3 - 17*p**2 + 15*p - 8. Let c(u) = 2*u**3 + 50*u**2 - 45*u + 24. Let h(f) = -4*c(f) - 11*d(f). What is the tens digit of h(6)?
6
Suppose -7*l = -4*l - 2*h - 67, -6 = l + 5*h. Suppose l*j + 120 = 23*j. What is the units digit of j?
0
What is the units digit of 18*(-41 + 50 - (-2 + 21444/(-9)))?
6
What is the ten thousands digit of 24239 + -8 + (-15 - -17)?
2
Suppose -2*b - 2*b + 60 = 0. Suppose -5*g = -8*g + b. Suppose 0 = h - 0*h + 1, 74 = 3*j - g*h. What is the tens digit of j?
2
Let w(s) = 4905*s + 49. What is the thousands digit of w(2)?
9
Let c(k) = -10 + 17*k**2 - 1 - 2*k**3 - 2 + 15*k + 3*k**3. Let j be c(-16). Suppose t + 4*t + v = 44, -5*t - j*v + 52 = 0. What is the units digit of t?
8
What is the hundreds digit of (0 + 1)/(131/3110857)?
7
Let r(d) = -d**3 + 12*d**2 - 8*d - 13. Let t be r(11). Suppose -4*a - 5*i = -16, t = 7*a - 2*a + 2*i. Suppose 160 + 64 = a*n. What is the tens digit of n?
5
Let t be 40/(-30) + (-15500)/(-6). Suppose -3*s + h + t = -1471, h = 2*s - 2702. What is the hundreds digit of s?
3
Suppose 5*a = -5*c + 3*c + 31, 14 = 3*c + a. Let d(o) = 11*o**2 + 11*o + 6. What is the units digit of d(c)?
8
Let l(a) = -8*a + 26. Let f be l(3). What is the units digit of 1/(-6) + (-965)/(-30) - f?
0
Let d = 22685 - 3645. What is the units digit of d?
0
Suppose -i = 5*m - 2332, -4677 = 30*i - 32*i + 3*m. Let h = i + -538. What is the thousands digit of h?
1
Suppose 2*b + 15 - 1 = 0. Let g(t) = 40*t**3 - 23 + 6*t**2 + t**2 - 18*t**3 - 5*t**3 - 16*t**3 - 20*t. What is the hundreds digit of g(b)?
1
Suppose -198 = -2*v - 4*a, 0 = 3*v - 6*v + 3*a + 306. Let f = 177 - v. What is the tens digit of f?
7
Suppose 3*c - 4*w - 212731 = 0, -5*w - 57655 - 13248 = -c. What is the units digit of c?
3
Let d = -7400 - -9655. What is the tens digit of d?
5
Suppose -12*v + 23694 = 7278. Suppose -716*j + v = -712*j. What is the hundreds digit of j?
3
Let k(l) = -2*l - 2. Let x be k(-2). Suppose a = 2*u + 12, -x*a + 9 = u - 0. What is the units digit of 1 + a/(-4) - (-26)/4?
6
Let r be (-3 + 39/9)*(-90)/(-3). Let i = r - 37. Suppose 4*z + i*d - 418 = -z, -2*z - 2*d + 164 = 0. What is the tens digit of z?
8
Suppose -6 = -3*z, w + 12 = 6*w - 4*z. Suppose w*o - 19 = -f + 1, 2*f + 4 = 3*o. Suppose h - 3*l + 11 = 0, 0 = 5*h - h - 2*l + f. What is the units digit of h?
1
Suppose 159*w = 152*w - 266. Let u(o) = -10*o - 63. What is the hundreds digit of u(w)?
3
Suppose -3*p - 5*j - 4 = 0, -j - 1 = p + 1. Let g(h) = 26*h**2 - 4*h - 3. Let i be g(p). Suppose -3*t + i = 3*z, 2*t = -2*t - 16. What is the units digit of z?
5
Let u be (-7 - -8)/(7/(-14)). What is the units digit of (u + 156/(-6))*-4?
2
Suppose -252 - 180 = -6*p. Let j = p - 12. What is the tens digit of j?
6
Let s be 6 + ((-72)/(-6))/(-3). Suppose 0 = 5*k + 3*a - 2294, -k + 0*a - s*a = -456. What is the units digit of k?
0
Let h = -121 + -101. Let j = h - -21. Let q = -93 - j. What is the tens digit of q?
0
Suppose 0 = -3*g + 6*g + p + 2800, 1840 = -2*g - 6*p. Let b = g + 2091. What is the units digit of b?
6
Suppose 10*p + 1692 + 2448 = 0. Let a = -257 - p. What is the tens digit of a?
5
Let b(s) = -s - 2. Suppose 0 = -4*o - 3 + 7. Let h be b(o). What is the tens digit of 206*h/(6/(-1))?
0
Let u be 1*3 + 70 + -79. What is the units digit of ((-3545)/(-3))/(-5)*(-9 - u)?
9
Suppose -4*r = 75 - 103. Suppose -4 = -r*w + 6*w. What is the tens digit of w + ((-532)/6)/(16/(-24))?
3
Let k = 94 + -21. Suppose -4*c = -3*h - 48, -5*c - 10 = -3*h - k. What is the units digit of c?
5
Let v = 135 - 133. Suppose -2*o + 3*f = -463, -4*o + v*f - 886 = -8*o. What is the hundreds digit of o?
2
Let m(p) = 205*p + 1548. What is the tens digit of m(-7)?
1
Let l(h) = -47*h + 14. Suppose -8*u - 143 = 3*u. Let m be l(u). Let k = -430 + m. What is the tens digit of k?
9
Let t be 164 - (1/1 + 4). Suppose 85 = -154*h + t*h. What is the units digit of h?
7
Suppose 29871 + 8353 = 16*u. What is the tens digit of u?
8
Let l(v) = 267*v + 26. Let k be l(4). Let s = -244 + k. What is the tens digit of 5/15 - s/(-15)?
5
What is the thousands digit of (37905/(-6))/((-4)/(-64)*-8)?
2
Let s(u) = 197*u**2 - 3*u - 109. What is the tens digit of s(11)?
9
Let s(x) = -x**3 + x**2 + 12*x + 8. Let i be s(-3). Suppose -1855 = -5*l - 5*n, 13*l - 4*n - 1810 = i*l. What is the tens digit of